{"id":822,"date":"2021-02-19T09:52:41","date_gmt":"2021-02-19T09:52:41","guid":{"rendered":"https:\/\/montage-ch2.fenji.de\/?page_id=822"},"modified":"2021-05-24T15:45:55","modified_gmt":"2021-05-24T15:45:55","slug":"montageanfrage","status":"publish","type":"page","link":"https:\/\/www.soldera.ch\/montageservice\/montageanfrage\/","title":{"rendered":"Montageanfrage"},"content":{"rendered":"<div class=\"wpb-content-wrapper\">[vc_row thb_full_width=&#8220;true&#8220; thb_divider_position=&#8220;bottom&#8220; css=&#8220;.vc_custom_1474984884861{padding-top: 20vh !important;padding-bottom: 15vh !important;background-image: url(http:\/\/werkstatt.fuelthemes.net\/werkstatt-agency\/wp-content\/uploads\/sites\/2\/2016\/09\/a_01_opt.jpg?id=292) !important;background-position: center !important;background-repeat: no-repeat !important;background-size: cover !important;}&#8220; el_class=&#8220;align-center&#8220;][vc_column offset=&#8220;vc_col-lg-8 vc_col-md-9&#8243; el_class=&#8220;text-center&#8220;][vc_column_text animation=&#8220;animation fade-in&#8220; css=&#8220;.vc_custom_1621871153322{padding-right: 15% !important;padding-left: 15% !important;}&#8220;]\n<h1><span style=\"color: #fffff;\">Soldera Montageservice! <\/span><\/h1>\n<p>F\u00fcr eine individuelle und saubere Beratung\/Offerte geben Sie bitte m\u00f6glichst viele Eckpunkte an. Im besten Fall 2-3 Bilder der Situation, die ca. Masse der einzelnen Fenster (+\/- 1cm) und die Zug\u00e4nglichkeit sind Massegebend f\u00fcr eine saubere, individuelle, an Ihre Anforderungen angepasste Offerte.<\/p>\n<p>Wir freuen uns Ihnen die perfekte L\u00f6sung anzubieten und melden uns schnellst m\u00f6glich zur\u00fcck.<\/p>\n[\/vc_column_text][\/vc_column][\/vc_row][vc_row thb_divider_position=&#8220;bottom&#8220; css=&#8220;.vc_custom_1613995453145{margin-right: 32px !important;margin-left: 32px !important;}&#8220;][vc_column][vc_empty_space]<div class=\"wpforms-container wpforms-container-full\" id=\"wpforms-825\"><form id=\"wpforms-form-825\" class=\"wpforms-validate wpforms-form\" data-formid=\"825\" method=\"post\" enctype=\"multipart\/form-data\" action=\"\/montageservice\/wp-json\/wp\/v2\/pages\/822?wpforms_form_id=825\" data-token=\"c416acf223633b5e41d336d7f5850a5a\" data-token-time=\"1777129770\"><noscript class=\"wpforms-error-noscript\">Bitte aktiviere JavaScript in deinem Browser, um dieses Formular fertigzustellen.<\/noscript><div class=\"wpforms-field-container\"><div id=\"wpforms-825-field_9-container\" class=\"wpforms-field wpforms-field-name\" data-field-id=\"9\"><label class=\"wpforms-field-label\" for=\"wpforms-825-field_9\">Firma<\/label><input type=\"text\" id=\"wpforms-825-field_9\" class=\"wpforms-field-large\" name=\"wpforms[fields][9]\" ><div class=\"wpforms-field-description\">optional<\/div><\/div><div id=\"wpforms-825-field_0-container\" class=\"wpforms-field wpforms-field-name\" data-field-id=\"0\"><label class=\"wpforms-field-label\" for=\"wpforms-825-field_0\">Name <span class=\"wpforms-required-label\">*<\/span><\/label><div class=\"wpforms-field-row wpforms-field-large\"><div class=\"wpforms-field-row-block wpforms-first wpforms-one-half\"><input type=\"text\" id=\"wpforms-825-field_0\" class=\"wpforms-field-name-first wpforms-field-required\" name=\"wpforms[fields][0][first]\" required><label for=\"wpforms-825-field_0\" class=\"wpforms-field-sublabel after \">Vorname<\/label><\/div><div class=\"wpforms-field-row-block wpforms-one-half\"><input type=\"text\" id=\"wpforms-825-field_0-last\" class=\"wpforms-field-name-last wpforms-field-required\" name=\"wpforms[fields][0][last]\" required><label for=\"wpforms-825-field_0-last\" class=\"wpforms-field-sublabel after \">Nachname<\/label><\/div><\/div><\/div><div id=\"wpforms-825-field_1-container\" class=\"wpforms-field wpforms-field-email\" data-field-id=\"1\"><label class=\"wpforms-field-label\" for=\"wpforms-825-field_1\">E-Mail <span class=\"wpforms-required-label\">*<\/span><\/label><input type=\"email\" id=\"wpforms-825-field_1\" class=\"wpforms-field-large wpforms-field-required\" name=\"wpforms[fields][1]\" spellcheck=\"false\" required><\/div><div id=\"wpforms-825-field_13-container\" class=\"wpforms-field wpforms-field-text\" data-field-id=\"13\"><label class=\"wpforms-field-label\" for=\"wpforms-825-field_13\">Strasse \/ Nr. <span class=\"wpforms-required-label\">*<\/span><\/label><input type=\"text\" id=\"wpforms-825-field_13\" class=\"wpforms-field-large wpforms-field-required\" name=\"wpforms[fields][13]\" required><\/div><div id=\"wpforms-825-field_14-container\" class=\"wpforms-field wpforms-field-text\" data-field-id=\"14\"><label class=\"wpforms-field-label\" for=\"wpforms-825-field_14\">PLZ \/ Ort <span class=\"wpforms-required-label\">*<\/span><\/label><input type=\"text\" id=\"wpforms-825-field_14\" class=\"wpforms-field-large wpforms-field-required\" name=\"wpforms[fields][14]\" required><\/div><div id=\"wpforms-825-field_8-container\" class=\"wpforms-field wpforms-field-radio wpforms-list-3-columns\" data-field-id=\"8\"><label class=\"wpforms-field-label\" for=\"wpforms-825-field_8\">Art der Montage <span class=\"wpforms-required-label\">*<\/span><\/label><ul id=\"wpforms-825-field_8\" class=\"wpforms-field-required wpforms-image-choices wpforms-image-choices-classic\"><li class=\"choice-1 depth-1 wpforms-image-choices-item wpforms-selected\"><label class=\"wpforms-field-label-inline\" for=\"wpforms-825-field_8_1\" tabindex=\"0\"><span class=\"wpforms-image-choices-image\"><img decoding=\"async\" src=\"data:image\/gif;base64,R0lGODlhAQABAAAAACH5BAEKAAEALAAAAAABAAEAAAICTAEAOw==\" data-src=\"https:\/\/www.soldera.ch\/montageservice\/wp-content\/uploads\/2021\/01\/Soldera-Fensterfolie.jpg\" alt=\"Fenster\" class=\"lazyload\" title=\"Fenster\"><\/span><input type=\"radio\" id=\"wpforms-825-field_8_1\" class=\"wpforms-screen-reader-element\" name=\"wpforms[fields][8]\" value=\"Fenster\" tabindex=\"-1\" required  checked='checked'><span class=\"wpforms-image-choices-label\">Fenster<\/span><\/label><\/li><li class=\"choice-2 depth-1 wpforms-image-choices-item\"><label class=\"wpforms-field-label-inline\" for=\"wpforms-825-field_8_2\" tabindex=\"0\"><span class=\"wpforms-image-choices-image\"><img decoding=\"async\" src=\"data:image\/gif;base64,R0lGODlhAQABAAAAACH5BAEKAAEALAAAAAABAAEAAAICTAEAOw==\" data-src=\"https:\/\/www.soldera.ch\/montageservice\/wp-content\/uploads\/2021\/01\/Soldera-Dachfenster-Form.jpg\" alt=\"Dachfenster\" class=\"lazyload\" title=\"Dachfenster\"><\/span><input type=\"radio\" id=\"wpforms-825-field_8_2\" class=\"wpforms-screen-reader-element\" name=\"wpforms[fields][8]\" value=\"Dachfenster\" tabindex=\"-1\" required ><span class=\"wpforms-image-choices-label\">Dachfenster<\/span><\/label><\/li><li class=\"choice-3 depth-1 wpforms-image-choices-item\"><label class=\"wpforms-field-label-inline\" for=\"wpforms-825-field_8_3\" tabindex=\"0\"><span class=\"wpforms-image-choices-image\"><img decoding=\"async\" src=\"data:image\/gif;base64,R0lGODlhAQABAAAAACH5BAEKAAEALAAAAAABAAEAAAICTAEAOw==\" data-src=\"https:\/\/www.soldera.ch\/montageservice\/wp-content\/uploads\/2021\/01\/Soldera-Lichtkuppel-Folie.jpg\" alt=\"Lichtkuppel\" class=\"lazyload\" title=\"Lichtkuppel\"><\/span><input type=\"radio\" id=\"wpforms-825-field_8_3\" class=\"wpforms-screen-reader-element\" name=\"wpforms[fields][8]\" value=\"Lichtkuppel\" tabindex=\"-1\" required ><span class=\"wpforms-image-choices-label\">Lichtkuppel<\/span><\/label><\/li><li class=\"choice-4 depth-1 wpforms-image-choices-item\"><label class=\"wpforms-field-label-inline\" for=\"wpforms-825-field_8_4\" tabindex=\"0\"><span class=\"wpforms-image-choices-image\"><img decoding=\"async\" src=\"data:image\/gif;base64,R0lGODlhAQABAAAAACH5BAEKAAEALAAAAAABAAEAAAICTAEAOw==\" data-src=\"https:\/\/www.soldera.ch\/montageservice\/wp-content\/uploads\/2021\/01\/Soldera-Wintergarten-Folie.jpg\" alt=\"Wintergarten\" class=\"lazyload\" title=\"Wintergarten\"><\/span><input type=\"radio\" id=\"wpforms-825-field_8_4\" class=\"wpforms-screen-reader-element\" name=\"wpforms[fields][8]\" value=\"Wintergarten\" tabindex=\"-1\" required ><span class=\"wpforms-image-choices-label\">Wintergarten<\/span><\/label><\/li><li class=\"choice-5 depth-1 wpforms-image-choices-item\"><label class=\"wpforms-field-label-inline\" for=\"wpforms-825-field_8_5\" tabindex=\"0\"><span class=\"wpforms-image-choices-image\"><img decoding=\"async\" src=\"data:image\/gif;base64,R0lGODlhAQABAAAAACH5BAEKAAEALAAAAAABAAEAAAICTAEAOw==\" data-src=\"https:\/\/www.soldera.ch\/montageservice\/wp-content\/uploads\/2021\/01\/Soldera-Gewerbe-Industrie-Fensterfolie.jpg\" alt=\"Gewerbe\/Industrie\" class=\"lazyload\" title=\"Gewerbe\/Industrie\"><\/span><input type=\"radio\" id=\"wpforms-825-field_8_5\" class=\"wpforms-screen-reader-element\" name=\"wpforms[fields][8]\" value=\"Gewerbe\/Industrie\" tabindex=\"-1\" required ><span class=\"wpforms-image-choices-label\">Gewerbe\/Industrie<\/span><\/label><\/li><\/ul><\/div><div id=\"wpforms-825-field_5-container\" class=\"wpforms-field wpforms-field-select wpforms-field-select-style-modern\" data-field-id=\"5\"><label class=\"wpforms-field-label\" for=\"wpforms-825-field_5\">Gew\u00fcnschter Folientyp<\/label><select id=\"wpforms-825-field_5\" class=\"wpforms-field-large choicesjs-select\" data-size-class=\"wpforms-field-row wpforms-field-large\" data-search-enabled=\"1\" name=\"wpforms[fields][5]\"><option value=\"\" class=\"placeholder\" disabled  selected='selected'>Sonnenschutzfolie<\/option><option value=\"Sonnenschutzfolie\" >Sonnenschutzfolie<\/option><option value=\"Sicherheits- und Schlitterschutzfolie\" >Sicherheits- und Schlitterschutzfolie<\/option><option value=\"UV-Schutzfolie\" >UV-Schutzfolie<\/option><option value=\"Wintergarten Folie\" >Wintergarten Folie<\/option><option value=\"Dachfenster Folie\" >Dachfenster Folie<\/option><option value=\"Spiegelfolie\" >Spiegelfolie<\/option><option value=\"Polycarbonatfolie\" >Polycarbonatfolie<\/option><option value=\"Sichtschutz- und Milchglasfolie\" >Sichtschutz- und Milchglasfolie<\/option><\/select><div class=\"wpforms-field-description\">optional<\/div><\/div><div id=\"wpforms-825-field_16-container\" class=\"wpforms-field wpforms-field-radio wpforms-list-inline\" data-field-id=\"16\"><label class=\"wpforms-field-label\" for=\"wpforms-825-field_16\">Zug\u00e4nglichkeit der Glasfl\u00e4che <span class=\"wpforms-required-label\">*<\/span><\/label><ul id=\"wpforms-825-field_16\" class=\"wpforms-field-required\"><li class=\"choice-1 depth-1\"><input type=\"radio\" id=\"wpforms-825-field_16_1\" name=\"wpforms[fields][16]\" value=\"EG\" required ><label class=\"wpforms-field-label-inline\" for=\"wpforms-825-field_16_1\">EG<\/label><\/li><li class=\"choice-2 depth-1\"><input type=\"radio\" id=\"wpforms-825-field_16_2\" name=\"wpforms[fields][16]\" value=\"Leiter\" required ><label class=\"wpforms-field-label-inline\" for=\"wpforms-825-field_16_2\">Leiter<\/label><\/li><li class=\"choice-3 depth-1\"><input type=\"radio\" id=\"wpforms-825-field_16_3\" name=\"wpforms[fields][16]\" value=\"Ger\u00fcst\" required ><label class=\"wpforms-field-label-inline\" for=\"wpforms-825-field_16_3\">Ger\u00fcst<\/label><\/li><li class=\"choice-4 depth-1\"><input type=\"radio\" id=\"wpforms-825-field_16_4\" name=\"wpforms[fields][16]\" value=\"Hebeb\u00fchne\" required ><label class=\"wpforms-field-label-inline\" for=\"wpforms-825-field_16_4\">Hebeb\u00fchne<\/label><\/li><\/ul><\/div><div id=\"wpforms-825-field_24-container\" class=\"wpforms-field wpforms-field-text\" data-field-id=\"24\"><label class=\"wpforms-field-label\" for=\"wpforms-825-field_24\">Masse<\/label><input type=\"text\" id=\"wpforms-825-field_24\" class=\"wpforms-field-large\" name=\"wpforms[fields][24]\" ><div class=\"wpforms-field-description\">optional<\/div><\/div><div id=\"wpforms-825-field_4-container\" class=\"wpforms-field wpforms-field-textarea\" data-field-id=\"4\"><label class=\"wpforms-field-label\" for=\"wpforms-825-field_4\">Nachricht<\/label><textarea id=\"wpforms-825-field_4\" class=\"wpforms-field-large\" name=\"wpforms[fields][4]\" ><\/textarea><div class=\"wpforms-field-description\">optional<\/div><\/div><\/div><!-- .wpforms-field-container --><div class=\"wpforms-submit-container\" ><input type=\"hidden\" name=\"wpforms[id]\" value=\"825\"><input type=\"hidden\" name=\"page_title\" value=\"\"><input type=\"hidden\" name=\"page_url\" value=\"https:\/\/www.soldera.ch\/montageservice\/wp-json\/wp\/v2\/pages\/822\"><button type=\"submit\" name=\"wpforms[submit]\" id=\"wpforms-submit-825\" class=\"wpforms-submit\" data-alt-text=\"Senden...\" data-submit-text=\"Montageservice anfragen!\" aria-live=\"assertive\" value=\"wpforms-submit\">Montageservice anfragen!<\/button><\/div><\/form><\/div>  <!-- .wpforms-container -->[\/vc_column][\/vc_row]\n<\/div>","protected":false},"excerpt":{"rendered":"<p>[vc_row thb_full_width=&#8220;true&#8220; thb_divider_position=&#8220;bottom&#8220; css=&#8220;.vc_custom_1474984884861{padding-top: 20vh !important;padding-bottom: 15vh !important;background-image: url(http:\/\/werkstatt.fuelthemes.net\/werkstatt-agency\/wp-content\/uploads\/sites\/2\/2016\/09\/a_01_opt.jpg?id=292) !important;background-position: center !important;background-repeat: no-repeat !important;background-size: cover !important;}&#8220; el_class=&#8220;align-center&#8220;][vc_column offset=&#8220;vc_col-lg-8 vc_col-md-9&#8243; el_class=&#8220;text-center&#8220;][vc_column_text animation=&#8220;animation fade-in&#8220; css=&#8220;.vc_custom_1621871153322{padding-right: 15% !important;padding-left: 15% !important;}&#8220;] Soldera Montageservice! F\u00fcr eine individuelle und saubere Beratung\/Offerte geben Sie bitte m\u00f6glichst viele Eckpunkte an. Im besten Fall 2-3 Bilder der Situation, die ca. Masse der einzelnen Fenster&hellip;<\/p>\n","protected":false},"author":2,"featured_media":0,"parent":0,"menu_order":0,"comment_status":"closed","ping_status":"closed","template":"","meta":{"_monsterinsights_skip_tracking":false,"_monsterinsights_sitenote_active":false,"_monsterinsights_sitenote_note":"","_monsterinsights_sitenote_category":0,"footnotes":""},"class_list":["post-822","page","type-page","status-publish","hentry"],"aioseo_notices":[],"_links":{"self":[{"href":"https:\/\/www.soldera.ch\/montageservice\/wp-json\/wp\/v2\/pages\/822","targetHints":{"allow":["GET"]}}],"collection":[{"href":"https:\/\/www.soldera.ch\/montageservice\/wp-json\/wp\/v2\/pages"}],"about":[{"href":"https:\/\/www.soldera.ch\/montageservice\/wp-json\/wp\/v2\/types\/page"}],"author":[{"embeddable":true,"href":"https:\/\/www.soldera.ch\/montageservice\/wp-json\/wp\/v2\/users\/2"}],"replies":[{"embeddable":true,"href":"https:\/\/www.soldera.ch\/montageservice\/wp-json\/wp\/v2\/comments?post=822"}],"version-history":[{"count":16,"href":"https:\/\/www.soldera.ch\/montageservice\/wp-json\/wp\/v2\/pages\/822\/revisions"}],"predecessor-version":[{"id":1240,"href":"https:\/\/www.soldera.ch\/montageservice\/wp-json\/wp\/v2\/pages\/822\/revisions\/1240"}],"wp:attachment":[{"href":"https:\/\/www.soldera.ch\/montageservice\/wp-json\/wp\/v2\/media?parent=822"}],"curies":[{"name":"wp","href":"https:\/\/api.w.org\/{rel}","templated":true}]}}